{"id":65,"date":"2025-11-07T12:10:36","date_gmt":"2025-11-07T12:10:36","guid":{"rendered":"https:\/\/norsk-blisssiden.net\/?page_id=65"},"modified":"2025-11-21T13:00:01","modified_gmt":"2025-11-21T13:00:01","slug":"kontakte-siden","status":"publish","type":"page","link":"https:\/\/norsk-blisssiden.net\/index.php\/kontakte-siden\/","title":{"rendered":"Kontakte siden\u00a0"},"content":{"rendered":"<figure id=\"attachment_66\" aria-describedby=\"caption-attachment-66\" style=\"width: 129px\" class=\"wp-caption alignright\"><img loading=\"lazy\" decoding=\"async\" class=\"wp-image-66\" src=\"https:\/\/norsk-blisssiden.net\/wp-content\/uploads\/2025\/10\/ole-reidar-225x300.jpg\" alt=\"\" width=\"129\" height=\"172\" srcset=\"https:\/\/norsk-blisssiden.net\/wp-content\/uploads\/2025\/10\/ole-reidar-225x300.jpg 225w, https:\/\/norsk-blisssiden.net\/wp-content\/uploads\/2025\/10\/ole-reidar.jpg 480w\" sizes=\"auto, (max-width: 129px) 100vw, 129px\" \/><figcaption id=\"caption-attachment-66\" class=\"wp-caption-text\"><span dir=\"auto\" style=\"vertical-align: inherit;\"><span dir=\"auto\" style=\"vertical-align: inherit;\"><span dir=\"auto\" style=\"vertical-align: inherit;\"><span dir=\"auto\" style=\"vertical-align: inherit;\"><span dir=\"auto\" style=\"vertical-align: inherit;\"><span dir=\"auto\" style=\"vertical-align: inherit;\"><span dir=\"auto\" style=\"vertical-align: inherit;\"><span dir=\"auto\" style=\"vertical-align: inherit;\"><span dir=\"auto\" style=\"vertical-align: inherit;\"><span dir=\"auto\" style=\"vertical-align: inherit;\"><span dir=\"auto\" style=\"vertical-align: inherit;\"><span dir=\"auto\" style=\"vertical-align: inherit;\"><span dir=\"auto\" style=\"vertical-align: inherit;\"><span dir=\"auto\" style=\"vertical-align: inherit;\"><span dir=\"auto\" style=\"vertical-align: inherit;\"><span dir=\"auto\" style=\"vertical-align: inherit;\"><span dir=\"auto\" style=\"vertical-align: inherit;\"><span dir=\"auto\" style=\"vertical-align: inherit;\"><span dir=\"auto\" style=\"vertical-align: inherit;\"><span dir=\"auto\" style=\"vertical-align: inherit;\">Ole Reidar Hansen<\/span><\/span><\/span><\/span><\/span><\/span><\/span><\/span><\/span><\/span><\/span><\/span><\/span><\/span><\/span><\/span><\/span><\/span><\/span><\/span><\/figcaption><\/figure>\n<p><img loading=\"lazy\" decoding=\"async\" class=\"size-medium wp-image-73 aligncenter\" src=\"https:\/\/norsk-blisssiden.net\/wp-content\/uploads\/2025\/11\/blissrad-02-scaled-e1762517283305-300x153.png\" alt=\"\" width=\"300\" height=\"153\" srcset=\"https:\/\/norsk-blisssiden.net\/wp-content\/uploads\/2025\/11\/blissrad-02-scaled-e1762517283305-300x153.png 300w, https:\/\/norsk-blisssiden.net\/wp-content\/uploads\/2025\/11\/blissrad-02-scaled-e1762517283305-768x391.png 768w, https:\/\/norsk-blisssiden.net\/wp-content\/uploads\/2025\/11\/blissrad-02-scaled-e1762517283305.png 947w\" sizes=\"auto, (max-width: 300px) 100vw, 300px\" \/><\/p>\n<p>&nbsp;<\/p>\n<p><span dir=\"auto\" style=\"vertical-align: inherit;\"><span dir=\"auto\" style=\"vertical-align: inherit;\"><span dir=\"auto\" style=\"vertical-align: inherit;\"><span dir=\"auto\" style=\"vertical-align: inherit;\"><span dir=\"auto\" style=\"vertical-align: inherit;\"><span dir=\"auto\" style=\"vertical-align: inherit;\">Hei<\/span><\/span><\/span><\/span><\/span><\/span><\/p>\n<p><span dir=\"auto\" style=\"vertical-align: inherit;\"><span dir=\"auto\" style=\"vertical-align: inherit;\"><span dir=\"auto\" style=\"vertical-align: inherit;\"><span dir=\"auto\" style=\"vertical-align: inherit;\"><span dir=\"auto\" style=\"vertical-align: inherit;\"><span dir=\"auto\" style=\"vertical-align: inherit;\">Jeg heter Ole Reidar Hansen og jeg er redakt\u00f8r for siden her. Jeg laget denne siden i 2002. Jeg vilt ha norsk siden for bliss-symboler.<\/span><\/span><\/span><\/span><\/span><\/span><\/p>\n<p><span dir=\"auto\" style=\"vertical-align: inherit;\"><span dir=\"auto\" style=\"vertical-align: inherit;\"><span dir=\"auto\" style=\"vertical-align: inherit;\"><span dir=\"auto\" style=\"vertical-align: inherit;\"><span dir=\"auto\" style=\"vertical-align: inherit;\"><span dir=\"auto\" style=\"vertical-align: inherit;\">I h\u00f8st har jeg tid til \u00e5 jobbe med denne siden jeg har f\u00e5tt wordpress p\u00e5 norske bilsssiden slik at lettere jobb med. <\/span><\/span><\/span><\/span><\/span><\/span><br \/>\n<span dir=\"auto\" style=\"vertical-align: inherit;\"><span dir=\"auto\" style=\"vertical-align: inherit;\"><span dir=\"auto\" style=\"vertical-align: inherit;\"><span dir=\"auto\" style=\"vertical-align: inherit;\"><span dir=\"auto\" style=\"vertical-align: inherit;\"><span dir=\"auto\" style=\"vertical-align: inherit;\">Min mail er: olereidarhansen@Gmail.com<\/span><\/span><\/span><\/span><\/span><\/span><\/p>\n<p><span dir=\"auto\" style=\"vertical-align: inherit;\"><span dir=\"auto\" style=\"vertical-align: inherit;\"><span dir=\"auto\" style=\"vertical-align: inherit;\"><span dir=\"auto\" style=\"vertical-align: inherit;\"><span dir=\"auto\" style=\"vertical-align: inherit;\"><span dir=\"auto\" style=\"vertical-align: inherit;\">Bare tar kontakt med meg\uf04a <\/span><\/span><\/span><\/span><\/span><\/span><br \/>\n<span dir=\"auto\" style=\"vertical-align: inherit;\"><span dir=\"auto\" style=\"vertical-align: inherit;\"><span dir=\"auto\" style=\"vertical-align: inherit;\"><span dir=\"auto\" style=\"vertical-align: inherit;\"><span dir=\"auto\" style=\"vertical-align: inherit;\"><span dir=\"auto\" style=\"vertical-align: inherit;\">Hilsen Ole Reidar Hansen<\/span><\/span><\/span><\/span><\/span><\/span><\/p>\n<p>&nbsp;<\/p>\n<p>&nbsp;<\/p>\n<p>&nbsp;<\/p>\n<p>&nbsp;<\/p>\n<p>&nbsp;<\/p>\n","protected":false},"excerpt":{"rendered":"<p>&nbsp; Hei Jeg heter Ole Reidar Hansen og jeg er redakt\u00f8r for siden her. Jeg laget denne siden i 2002. Jeg vilt ha norsk siden for bliss-symboler. I h\u00f8st har jeg tid til \u00e5 jobbe med denne siden jeg har f\u00e5tt wordpress p\u00e5 norske bilsssiden slik at lettere jobb med. Min mail er: olereidarhansen@Gmail.com Bare [&hellip;]<\/p>\n","protected":false},"author":1,"featured_media":0,"parent":0,"menu_order":0,"comment_status":"closed","ping_status":"closed","template":"","meta":{"footnotes":""},"class_list":["post-65","page","type-page","status-publish","hentry"],"_links":{"self":[{"href":"https:\/\/norsk-blisssiden.net\/index.php\/wp-json\/wp\/v2\/pages\/65","targetHints":{"allow":["GET"]}}],"collection":[{"href":"https:\/\/norsk-blisssiden.net\/index.php\/wp-json\/wp\/v2\/pages"}],"about":[{"href":"https:\/\/norsk-blisssiden.net\/index.php\/wp-json\/wp\/v2\/types\/page"}],"author":[{"embeddable":true,"href":"https:\/\/norsk-blisssiden.net\/index.php\/wp-json\/wp\/v2\/users\/1"}],"replies":[{"embeddable":true,"href":"https:\/\/norsk-blisssiden.net\/index.php\/wp-json\/wp\/v2\/comments?post=65"}],"version-history":[{"count":12,"href":"https:\/\/norsk-blisssiden.net\/index.php\/wp-json\/wp\/v2\/pages\/65\/revisions"}],"predecessor-version":[{"id":77,"href":"https:\/\/norsk-blisssiden.net\/index.php\/wp-json\/wp\/v2\/pages\/65\/revisions\/77"}],"wp:attachment":[{"href":"https:\/\/norsk-blisssiden.net\/index.php\/wp-json\/wp\/v2\/media?parent=65"}],"curies":[{"name":"wp","href":"https:\/\/api.w.org\/{rel}","templated":true}]}}